List the prime factors of 188553.
3, 62851
What are the prime factors of 302046?
2, 3, 50341
What are the prime factors of 538673?
313, 1721
What are the prime factors of 292458?
2, 3, 79, 617
What are the prime factors of 6888387?
3, 11, 208739
What are the prime factors of 451494?
2, 3, 929
List the prime factors of 3835566.
2, 3, 7, 73, 139
List the prime factors of 22670526.
2, 3, 3778421
What are the prime factors of 4937276?
2, 17, 4271
List the prime factors of 1687061.
1687061
List the prime factors of 2049662.
2, 29, 35339
What are the prime factors of 40565882?
2, 7, 23, 53, 2377
What are the prime factors of 2668478?
2, 1334239
List the prime factors of 944053.
11, 19, 4517
List the prime factors of 181053.
3, 20117
List the prime factors of 8166947.
43, 189929
What are the prime factors of 2144026?
2, 199, 5387
List the prime factors of 363250.
2, 5, 1453
What are the prime factors of 7544429?
7544429
What are the prime factors of 2255679?
3, 17, 23, 641
List the prime factors of 170428.
2, 137, 311
What are the prime factors of 809085?
3, 5, 53939
What are the prime factors of 2891044?
2, 13, 53, 1049
What are the prime factors of 648187?
89, 7283
List the prime factors of 1171002.
2, 3, 7, 569
List the prime factors of 5336308.
2, 1334077
List the prime factors of 97208.
2, 29, 419
List the prime factors of 45317.
45317
What are the prime factors of 24103?
24103
List the prime factors of 327394.
2, 163697
List the prime factors of 1009476.
2, 3, 13, 719
What are the prime factors of 1043404?
2, 19, 13729
What are the prime factors of 463064?
2, 7, 8269
What are the prime factors of 4850207?
4850207
What are the prime factors of 22457?
17, 1321
List the prime factors of 15994991.
89, 179719
List the prime factors of 1317458.
2, 149, 4421
What are the prime factors of 19658255?
5, 19, 10891
List the prime factors of 5477872.
2, 173, 1979
List the prime factors of 10495927.
13, 807379
List the prime factors of 46793.
73, 641
What are the prime factors of 2046018?
2, 3, 13, 17, 1543
What are the prime factors of 31901124?
2, 3, 53, 50159
List the prime factors of 631831.
59, 10709
List the prime factors of 6111505.
5, 103, 11867
List the prime factors of 17106585.
3, 5, 1140439
What are the prime factors of 285043?
11, 25913
What are the prime factors of 1282253?
7, 19, 31, 311
What are the prime factors of 676457?
19, 35603
List the prime factors of 783239.
461, 1699
List the prime factors of 140675.
5, 17, 331
List the prime factors of 298507.
11, 2467
What are the prime factors of 863832?
2, 3, 35993
List the prime factors of 881444.
2, 220361
List the prime factors of 5367030.
2, 3, 5, 29, 31, 199
What are the prime factors of 137529?
3, 7, 37, 59
List the prime factors of 3071903.
23, 5807
What are the prime factors of 9932554?
2, 19, 13757
What are the prime factors of 175193?
41, 4273
What are the prime factors of 1387821?
3, 462607
List the prime factors of 787602.
2, 3, 131267
What are the prime factors of 164086?
2, 13, 6311
List the prime factors of 2944982.
2, 1472491
List the prime factors of 2746613.
379, 7247
What are the prime factors of 5898063?
3, 83, 23687
What are the prime factors of 13002061?
19, 23, 29753
List the prime factors of 28840923.
3, 83, 38609
List the prime factors of 4726363.
137, 34499
What are the prime factors of 20308288?
2, 7, 11, 13, 317
List the prime factors of 3509421.
3, 157, 7451
What are the prime factors of 222431?
11, 73, 277
List the prime factors of 21400658.
2, 53, 201893
What are the prime factors of 646738?
2, 323369
List the prime factors of 323722.
2, 7, 19, 1217
List the prime factors of 734810.
2, 5, 197, 373
List the prime factors of 3212104.
2, 7, 41, 1399
What are the prime factors of 339525?
3, 5, 503
List the prime factors of 22016863.
11, 2001533
List the prime factors of 7446910.
2, 5, 29, 25679
List the prime factors of 9176866.
2, 41, 111913
List the prime factors of 738141.
3, 31, 7937
List the prime factors of 1228475.
5, 49139
List the prime factors of 2990024.
2, 373753
List the prime factors of 7507.
7507
What are the prime factors of 367033?
367033
What are the prime factors of 1918406?
2, 7, 137029
What are the prime factors of 438811?
137, 3203
List the prime factors of 167569.
17, 9857
List the prime factors of 187039.
359, 521
List the prime factors of 4402344.
2, 3, 59, 3109
What are the prime factors of 6616464?
2, 3, 307, 449
List the prime factors of 165888.
2, 3
List the prime factors of 690065.
5, 79, 1747
What are the prime factors of 30386164?
2, 7596541
What are the prime factors of 24280566?
2, 3, 4046761
List the prime factors of 1388964.
2, 3, 283, 409
List the prime factors of 132263.
132263
List the prime factors of 5565857.
11, 223, 2269
What are the prime factors of 286608?
2, 3, 7, 853
What are the prime factors of 386358?
2, 3, 7, 9199
List the prime factors of 298071.
3, 33119
What are the prime factors of 1947288?
2, 3, 7, 67, 173
List the prime factors of 3341387.
7, 477341
List the prime factors of 822692.
2, 13, 1217
What are the prime factors of 7339414?
2, 241, 15227
List the prime factors of 27054836.
2, 6763709
List the prime factors of 1072326.
2, 3, 17, 10513
What are the prime factors of 1239353?
1239353
What are the prime factors of 1655940?
2, 3, 5, 11, 13, 193
List the prime factors of 681002.
2, 7, 6949
What are the prime factors of 206231?
271, 761
List the prime factors of 253906.
2, 79, 1607
List the prime factors of 4869834.
2, 3, 463, 1753
List the prime factors of 1129142.
2, 7, 59, 1367
What are the prime factors of 480717?
3, 31, 1723
What are the prime factors of 26852649?
3, 8950883
List the prime factors of 81261.
3, 9029
What are the prime factors of 7805?
5, 7, 223
List the prime factors of 135866.
2, 67933
What are the prime factors of 83865?
3, 5, 5591
List the prime factors of 2047935.
3, 5, 311, 439
What are the prime factors of 2167673?
43, 50411
List the prime factors of 471372.
2, 3, 11, 3571
What are the prime factors of 121667?
7, 13, 191
What are the prime factors of 148499?
13, 11423
List the prime factors of 96950.
2, 5, 7, 277
What are the prime factors of 4268948?
2, 31, 173, 199
List the prime factors of 741395.
5, 148279
List the prime factors of 1233943.
1061, 1163
What are the prime factors of 1118046?
2, 3, 31, 6011
List the prime factors of 1407871.
67, 21013
What are the prime factors of 6253362?
2, 3, 4289
List the prime factors of 3956634.
2, 3, 11, 6661
What are the prime factors of 28972804?
2, 7, 61, 16963
What are the prime factors of 264330?
2, 3, 5, 11, 89
List the prime factors of 543907.
7, 13, 43, 139
What are the prime factors of 56847?
3, 7, 2707
List the prime factors of 19756192.
2, 29, 61, 349
List the prime factors of 12191268.
2, 3, 41, 71, 349
List the prime factors of 328280.
2, 5, 29, 283
List the prime factors of 287479.
71, 4049
What are the prime factors of 176802?
2, 3, 79, 373
What are the prime factors of 331187?
37, 8951
List the prime factors of 4110736.
2, 7, 17, 127
List the prime factors of 468353.
468353
What are the prime factors of 31637?
17, 1861
What are the prime factors of 1094592?
2, 3, 5701
What are the prime factors of 5477992?
2, 13, 52673
List the prime factors of 546070.
2, 5, 7, 29, 269
What are the prime factors of 63274?
2, 17, 1861
List the prime factors of 2880778.
2, 151, 9539
List the prime factors of 4328580.
2, 3, 5, 19, 3797
What are the prime factors of 352572?
2, 3, 11, 2671
List the prime factors of 4273909.
4273909
List the prime factors of 296255.
5, 193, 307
List the prime factors of 2671650.
2, 3, 5, 1979
What are the prime factors of 21975524?
2, 89, 61729
List the prime factors of 7214698.
2, 17, 443, 479
What are the prime factors of 309620?
2, 5, 113, 137
What are the prime factors of 304536?
2, 3, 12689
List the prime factors of 2743615.
5, 7, 43, 1823
List the prime factors of 218371.
218371
What are the prime factors of 1194038?
2, 83, 7193
List the prime factors of 6849452.
2, 29, 137, 431
List the prime factors of 126623.
7, 18089
What are the prime factors of 11656997?
11, 41, 25847
List the prime factors of 25888.
2, 809
What are the prime factors of 17729083?
53, 334511
List the prime factors of 2422090.
2, 5, 11,